rs of z?
2, 3
What are the prime factors of 2/2 - (-1144)/11?
3, 5, 7
Suppose 4 = 4*u + 2*n, u - 4*n = 2*u + 6. Suppose -u*i + 41 = -29. List the prime factors of 476/i - (-4)/10.
2, 7
Let d(r) = r**3 + 18*r**2 - 21*r - 28. List the prime factors of d(-19).
2, 5
Suppose 2*z - 26 - 34 = c, -z + 16 = 3*c. What are the prime factors of z?
2, 7
Let a = 574 - 314. List the prime factors of a.
2, 5, 13
List the prime factors of 85/34*268/10.
67
Let i be (-3 - -7)*1/2. Suppose 5*r - 30 = 3*w + i*w, -18 = -3*r - 2*w. List the prime factors of r.
2, 3
Let b(p) = -p**3 + p**2 - 2*p + 8. What are the prime factors of b(0)?
2
Suppose 6*u = 257 + 565. What are the prime factors of u?
137
Let r(c) = c + 2. Suppose o + 24 = 5*o. List the prime factors of r(o).
2
Let h(z) = 3*z**2 - z + 1. What are the prime factors of h(-2)?
3, 5
Let b(c) = -c - 12. Let w be b(-12). Suppose -4*o + 170 = 3*x, w = -2*o + o + 4*x + 33. List the prime factors of o.
41
Let u(k) = -7 + k**3 + 0*k**2 - 4*k**2 + 0*k**2. Suppose b - j - 2 = 0, 16 = 2*b + 3*j - 3. What are the prime factors of u(b)?
2, 3
Suppose -2*y + 225 = 5*t, 6*y - y - 154 = -3*t. List the prime factors of t.
43
Let t(v) = v**3 + 11*v**2 + 2*v - 5. What are the prime factors of t(-9)?
139
Let d be 162 + 2/(-1) + 4. Suppose 16 = 4*l, -5*q + 0*l = l - d. What are the prime factors of q?
2
Let r be 1*2 + (-23)/(-1). Let i = -9 + r. What are the prime factors of i?
2
Let f(a) = 4 - 1 - 13*a - 2 - a**2 + 2. What are the prime factors of f(-8)?
43
Let b = -12 + 7. Let x(v) be the second derivative of -v**5/20 - v**4/4 + 7*v**3/6 + 3*v**2/2 - 2*v. List the prime factors of x(b).
2, 3
Let w = 5 - 3. Suppose -w*x = 3*x - 20. Let k = x + 0. List the prime factors of k.
2
Let a(r) = 15*r - 1. Let u be a(1). Let z = -7 + u. List the prime factors of z.
7
List the prime factors of ((-4)/2 + 1)*-26.
2, 13
Let p = 24 + 20. List the prime factors of p.
2, 11
Suppose 0 = 17*m - 496 - 2105. List the prime factors of m.
3, 17
Let x be (3 - (4 + -1))/1. Suppose x = y - 19 + 5. What are the prime factors of y?
2, 7
Suppose -44 = -5*z - 19. Suppose z*i = 2*u + 2*u - 45, 4*i + 36 = -u. What are the prime factors of (i/(-12))/(3/12)?
3
Let y(l) = l**2 - 3*l - 7. Let t = 12 + -7. List the prime factors of y(t).
3
Let q = 547 + -376. What are the prime factors of q?
3, 19
Suppose 2*b - 4*b - 8 = 0. Let n be (-2)/15 + 51/45. What are the prime factors of ((-2)/b)/(n/16)?
2
Let r(i) = i**2 + 3*i - 4. Let a be r(-4). What are the prime factors of (-1)/(-1)*(2 - a)?
2
Let t(s) = 3*s - 6. Let v(h) = h**2 + 3*h + 4. Let w = 3 + -6. Let j be v(w). List the prime factors of t(j).
2, 3
Suppose v + 4 - 22 = 0. List the prime factors of v.
2, 3
List the prime factors of 6/(-5)*(-35)/(-14) - -66.
3, 7
Suppose 0 = -4*b - 42 + 14. Let l = 10 - b. Suppose -4 = -p - p + 2*f, f = 4*p - l. List the prime factors of p.
5
Let f(g) be the third derivative of g**4/12 + g**3/6 - g**2. Let m be f(1). Suppose -10 - m = -j. List the prime factors of j.
13
Let q(d) = -7*d - 4. Let s(l) = 8*l + 5. Let g(k) = -6*q(k) - 5*s(k). List the prime factors of g(10).
19
Let m(r) = -r**2 + 2*r + 2. Let i be m(2). Let l(q) = 6*q - 1. What are the prime factors of l(i)?
11
Suppose 11*y - 1386 = 5*y. List the prime factors of y.
3, 7, 11
Let t(u) = 2*u + 25. What are the prime factors of t(0)?
5
Let m(b) be the first derivative of -b**4/24 + 13*b**3/6 + b**2/2 - 1. Let z(x) be the second derivative of m(x). What are the prime factors of z(0)?
13
Suppose 0 = 5*y - 2*f - 19, -4*y + 2*f + 17 - 1 = 0. Suppose -y*d + 66 = -0*d. Suppose 8 = 5*n - d. List the prime factors of n.
2, 3
Suppose -f - f - 103 = -3*k, 0 = 5*k - f - 167. Suppose k = 2*x - 3*r, -4*r - 38 = 3*x - 5*x. List the prime factors of x.
3
Let z(v) = 0 + v**3 + 0 + 5 + 4*v + 7*v**2 - 3. What are the prime factors of z(-6)?
2, 7
Let y = -17 + 32. What are the prime factors of y?
3, 5
List the prime factors of 2/(-8) + (-1352)/(-32).
2, 3, 7
Let u(w) = 4*w**2. Let l be u(1). Suppose 2*n - l - 28 = 0. Let f = n - 4. What are the prime factors of f?
2, 3
Let b be (-44)/6 + (-16)/24. Let m = 15 + b. List the prime factors of m.
7
Suppose -3*d + 11 + 1 = 0. What are the prime factors of 1/(d/(-800)*-4)?
2, 5
Let x be 105/10*36/(-7). Let f = -19 - x. What are the prime factors of f?
5, 7
Let m be 14/4 + 12/(-8). Suppose -2*s - k + m*k + 30 = 0, 2*k + 28 = 2*s. List the prime factors of s.
2
Let p = -5 + 6. Let a = p - -14. Let y = a + -1. List the prime factors of y.
2, 7
Let g(n) = -28*n**3 + n**2. Let v be g(-1). Let k = v - 41. Let u = k + 22. List the prime factors of u.
2, 5
Let d(t) = t**2 + 4*t - 3. Let f be d(-5). Suppose -4*v + 8 = -f*v. List the prime factors of v.
2
Suppose 18 = 5*z - 497. Suppose -3*b + 2*d + z = -2*d, -b = -5*d - 38. List the prime factors of b.
3, 11
Let f(x) = 5*x**2 - 2*x + 1. Let q be f(-5). Let g = q - 94. List the prime factors of g.
2, 3, 7
Let l = -449 + 630. What are the prime factors of l?
181
Let c(r) = -r**3 + 6*r**2 - 3*r + 5. Let w be c(4). Suppose -32 = -3*y + w. List the prime factors of y.
19
Let n(u) = -4*u - 2. Let r be n(-9). Suppose -4*h - 2 = -r. What are the prime factors of h?
2
Suppose -4*x = w - 3, -4*w = -0*x + 2*x + 2. Let u(o) = o**3 + 11*o**2 + 9*o - 7. Let m be u(-10). Let z = w + m. List the prime factors of z.
2
What are the prime factors of 2 - (-20 - 0/(-1))?
2, 11
Let w be (0/(-1))/((-2)/(-1)). Let h be -15*(5 + (1 - w)). List the prime factors of (2/(-5))/(3/h).
2, 3
Suppose -2*l + 3*u + 139 = 0, -3*u + 2*u + 373 = 5*l. Suppose -4*m - l = -2*q, -4*m = -4*q - 0*q + 136. What are the prime factors of q?
31
Suppose 0 = 5*s + 3*a - 37, -3*a = -5*s - a + 17. Suppose -s*g - 55 = -6*g. What are the prime factors of g?
5, 11
List the prime factors of 3/12*8 - 1*-6.
2
Suppose -3*n - p = -77, -2*p = -n - 7*p + 35. Suppose -2*o + u + 35 = 0, -2*u = -o - 3 + n. List the prime factors of o.
2
Suppose -3*l = -44 + 2. What are the prime factors of (0 - l)/(2 + -3)?
2, 7
Let s(y) = -3 + 1 - 6*y + 5 - y**2. Let f be s(-6). Suppose -v = 5*o - 15, -2*v + v - f = -4*o. What are the prime factors of v?
5
Suppose -p = -b + 2, p + p - b = -1. Let v(t) = -2*t + 2 - p + 2*t + 2*t. List the prime factors of v(7).
3, 5
Suppose -2*h - 2*h - 452 = 0. Let j = 35 + h. What are the prime factors of (1/2)/((-3)/j)?
13
Let c = -1 - -6. Suppose 0*o - 4 = 2*o - 3*n, -5*n = -c*o. Let m = o - 1. What are the prime factors of m?
3
Suppose -2*o + 724 = 4*y, -4*y - 4*o + 720 = -o. Suppose 0 = 4*x + 55 - y. Suppose 5*t - 1 = -f, 5*f + 5*t = x + 13. List the prime factors of f.
11
Suppose i - 3*w = 2*i - 230, 5*w = -2*i + 461. List the prime factors of i.
233
Let x(s) = s**3 - s**2 - 3*s - 2. Let n be x(4). List the prime factors of (-1)/(-2 - n/(-18)).
3
List the prime factors of (-1 + -3 + 4)*1 - -36.
2, 3
Suppose 2*g + 2*g = 8. Let t = -1 + g. Suppose -4*w + 8 = k - t, -w + 26 = 5*k. What are the prime factors of k?
5
Let p be 2 + (25 - 0)*1. Let w be 708/27 - 6/p. Suppose -4*q + w = -10. What are the prime factors of q?
3
Suppose 2*l = -n + l - 74, 0 = -4*n + 5*l - 251. Let g = n + 118. What are the prime factors of g?
7
Let x = 1 + 3. Let b be (1/(-1))/(0 + -1). Let t = x + b. What are the prime factors of t?
5
Let s(z) = z**3 - 14*z**2 + 19*z - 14. What are the prime factors of s(13)?
2
Let t = -5 - -2. Let u(x) = x**2 + 4*x + 3. Let q be u(t). Suppose q = -3*b + 9. List the prime factors of b.
3
Let h(b) = -b + 28. What are the prime factors of h(7)?
3, 7
List the prime factors of -2 - (1 + 1 + -1 - 32).
29
Suppose 3*d - 128 = 4*f + 144, 3*f + 276 = 3*d. List the prime factors of d.
2, 3
Let p = 0 + 5. What are the prime factors of p?
5
Let h(z) = 10*z - 4. Let m = -5 - -9. Let r be h(m). Suppose 7*v = 4*v + r. List the prime factors of v.
2, 3
Let k be -1 + 36 - (-8)/(-2). Suppose k + 161 = 4*g. List the prime factors of g.
2, 3
Let p(i) = -3*i. Let v be p(-6). What are the prime factors of (-10 - -1)*(-12)/v?
2, 3
Let g(z) = -2*z**2 + 4*z**2 + z**2. Let s be g(1). Suppose 0 = s*j + 3*v - 8 - 31, 4*j - 52 = -3*v. What are the prime factors of j?
13
Suppose -2*c + 0 = -32. Suppose 0 = -a + 13 + c. What are the prime factors of a?
29
Suppose -6*h + 14*h - 480 = 0. List the prime factors of h.